(base 2) to base 4.
-2
What is -3 (base 13) in base 5?
-3
212 (base 4) to base 16
26
-23 (base 10) to base 7
-32
What is 3 (base 7) in base 8?
3
What is 25 (base 7) in base 6?
31
What is -3 (base 6) in base 11?
-3
Convert 5 (base 16) to base 5.
10
3 (base 13) to base 6
3
What is -15 (base 15) in base 11?
-19
202 (base 3) to base 2
10100
3 (base 13) to base 5
3
10 (base 5) to base 14
5
1 (base 16) to base 13
1
Convert -273 (base 9) to base 6.
-1020
What is -14 (base 10) in base 5?
-24
What is 110011 (base 2) in base 11?
47
What is -3 (base 5) in base 3?
-10
What is 5 (base 12) in base 2?
101
Convert 233 (base 7) to base 12.
a2
2c (base 14) to base 8
50
Convert c7 (base 15) to base 5.
1222
Convert -78 (base 9) to base 14.
-51
Convert 1201 (base 3) to base 14.
34
What is 35 (base 6) in base 8?
27
Convert 3 (base 7) to base 11.
3
Convert 12 (base 12) to base 5.
24
3 (base 12) to base 7
3
What is -13 (base 8) in base 6?
-15
What is -93 (base 12) in base 16?
-6f
Convert -7 (base 13) to base 15.
-7
-3 (base 11) to base 16
-3
Convert -13 (base 4) to base 3.
-21
What is -3a (base 16) in base 10?
-58
What is 16 (base 15) in base 11?
1a
What is -1 (base 10) in base 2?
-1
What is -12122 (base 3) in base 14?
-ac
What is -a (base 16) in base 9?
-11
What is -204 (base 6) in base 7?
-136
What is 166 (base 10) in base 9?
204
-1 (base 8) to base 15
-1
What is -56 (base 7) in base 16?
-29
What is -1a (base 16) in base 10?
-26
What is -140 (base 10) in base 8?
-214
Convert 9 (base 11) to base 12.
9
What is 4 (base 16) in base 9?
4
What is 165 (base 7) in base 15?
66
Convert -1022 (base 4) to base 2.
-1001010
What is -11 (base 2) in base 16?
-3
-203 (base 5) to base 6
-125
-66 (base 13) to base 11
-77
What is 32 (base 8) in base 12?
22
17 (base 10) to base 7
23
-1 (base 10) to base 2
-1
What is -2 (base 13) in base 7?
-2
Convert 20 (base 3) to base 4.
12
What is -11 (base 5) in base 8?
-6
Convert -ec (base 16) to base 14.
-12c
Convert -22 (base 15) to base 5.
-112
What is 2 (base 4) in base 11?
2
What is 421 (base 7) in base 11?
182
What is 1 (base 7) in base 16?
1
What is -43 (base 6) in base 7?
-36
Convert -3 (base 6) to base 14.
-3
What is -1 (base 12) in base 9?
-1
What is -3 (base 9) in base 8?
-3
Convert -52 (base 8) to base 9.
-46
Convert 1 (base 15) to base 6.
1
27 (base 12) to base 5
111
What is -14 (base 15) in base 12?
-17
Convert -15 (base 14) to base 4.
-103
Convert 8 (base 13) to base 12.
8
Convert 2 (base 14) to base 13.
2
Convert -14 (base 10) to base 7.
-20
-322 (base 4) to base 3
-2011
What is -6 (base 10) in base 9?
-6
What is -6 (base 11) in base 4?
-12
Convert -3 (base 9) to base 14.
-3
Convert -1 (base 14) to base 11.
-1
Convert 10 (base 11) to base 16.
b
20 (base 3) to base 4
12
13 (base 11) to base 9
15
27 (base 9) to base 6
41
-202 (base 6) to base 7
-134
-1111 (base 2) to base 10
-15
-21 (base 7) to base 9
-16
What is 3 (base 4) in base 14?
3
57 (base 14) to base 13
5c
Convert 125 (base 10) to base 5.
1000
0 (base 14) to base 5
0
What is -14 (base 11) in base 3?
-120
Convert -321 (base 7) to base 13.
-c6
6c (base 15) to base 2
1100110
What is -3 (base 6) in base 5?
-3
Convert -13 (base 13) to base 5.
-31
Convert 14 (base 7) to base 5.
21
Convert -12020 (base 3) to base 9.
-166
What is 424 (base 7) in base 9?
257
What is 3a (base 11) in base 2?
101011
Convert -34 (base 6) to base 13.
-19
What is -6 (base 14) in base 16?
-6
What is 1 (base 8) in base 12?
1
-32 (base 4) to base 5
-24
What is 8 (base 9) in base 7?
11
What is 0 (base 6) in base 5?
0
-142 (base 12) to base 16
-c2
What is -e (base 15) in base 6?
-22
What is -17 (base 11) in base 7?
-24
28 (base 15) to base 16
26
1 (base 13) to base 7
1
-1 (base 15) to base 2
-1
What is 5 (base 15) in base 12?
5
What is 1 (base 9) in base 13?
1
Convert -8 (base 16) to base 13.
-8
What is 46 (base 9) in base 2?
101010
112 (base 7) to base 3
2011
-42 (base 7) to base 3
-1010
Convert -4 (base 5) to base 12.
-4
-26 (base 15) to base 8
-44
What is -5 (base 11) in base 5?
-10
-1 (base 5) to base 3
-1
Convert 2b (base 12) to base 15.
25
23 (base 4) to base 14
b
What is 10 (base 3) in base 11?
3
What is 5e (base 16) in base 12?
7a
-55 (base 8) to base 5
-140
1d (base 15) to base 4
130
What is 23 (base 10) in base 4?
113
-2 (base 4) to base 14
-2
What is 202 (base 3) in base 11?
19
What is -74 (base 8) in base 16?
-3c
-101 (base 3) to base 9
-11
Convert 0 (base 9) to base 11.
0
-301 (base 6) to base 9
-131
-5 (base 7) to base 13
-5
-255 (base 6) to base 2
-1101011
What is -1 (base 9) in base 8?
-1
46 (base 16) to base 5
240
What is -14 (base 5) in base 11?
-9
What is 2 (base 8) in base 7?
2
5 (base 15) to base 5
10
What is 387 (base 9) in base 5?
2242
What is 5 (base 13) in base 2?
101
What is 3c (base 14) in base 15?
39
146 (base 15) to base 6
1203
5 (base 12) to base 14
5
11 (base 6) to base 16
7
-1 (base 10) to base 2
-1
Convert -3 (base 7) to base 13.
-3
What is 3 (base 10) in base 16?
3
Convert 28 (base 12) to base 16.
20
What is 0 (base 10) in base 9?
0
Convert -1222 (base 4) to base 12.
-8a
122 (base 5) to base 12
31
-8 (base 11) to base 6
-12
-3 (base 13) to base 5
-3
Convert -1 (base 8) to base 3.
-1
What is -198 (base 10) in base 4?
-3012
What is 1343 (base 5) in base 2?
11011111
-362 (base 8) to base 3
-22222
What is 2 (base 13) in base 9?
2
What is 23 (base 6) in base 4?
33
Convert -3 (base 5) to base 13.
-3
Convert -44 (base 5) to base 9.
-26
Convert 1 (base 8) to base 12.
1
What is 86 (base 12) in base 13?
7b
What is 43 (base 16) in base 9?
74
What is 103 (base 4) in base 12?
17
-3 (base 11) to base 14
-3
Convert 0 (base 7) to base 6.
0
What is 0 (base 11) in base 2?
0
-1b (base 15) to base 3
-222
Convert -1 (base 4) to base 16.
-1
Convert 21 (base 4) to base 11.
9
Convert 10 (base 6) to base 14.
6
Convert 44 (base 6) to base 2.
11100
Convert -e (base 16) to base 9.
-15
Convert -4 (base 14) to base 8.
-4
1 (base 3) to base 12
1
Convert -2 (base 14) to base 15.
-2
What is -8 (base 12) in base 11?
-8
1b (base 16) to base 9
30
Convert 189 (base 10) to base 4.
2331
-112 (base 3) to base 7
-20
-134 (base 5) to base 13
-35
What is -1 (base 5) in base 3?
-1
What is -10 (base 11) in base 6?
-15
12 (base 3) to base 2
101
What is 12210 (base 3) in base 14?
b2
0 (base 9) to base 4
0
0 (base 7) to base 11
0
What is -5 (base 14) in base 15?
-5
-102 (base 3) to base 4
-23
Convert -4 (base 6) to base 7.
-4
Convert -11 (base 8) to base 11.
-9
What is -27 (base 14) in base 7?
-50
25 (base 13) to base 15
21
What is 21 (base 14) in base 9?
32
-3 (base 10) to base 14
-3
What is 1011 (base 2) in base 15?
b
1 (base 16) to base 9
1
What is 13 (base 7) in base 3?
101
Convert -102 (base 5) to base 10.
-27
Convert 63 (base 7) to base 5.
140
Convert 110 (base 3) to base 5.
22
33 (base 7) to base 9
26
Convert 1 (base 4) to base 2.
1
-323 (base 5) to base 9
-107
32 (base 7) to base 4
113
1022 (base 6) to base 13
149
What is 5 (base 12) in base 13?
5
What is 246 (base 8) in base 9?
204
133 (base 5) to base 4
223
49 (base 14) to base 9
72
Convert -110 (base 4) to base 7.
-26
Convert 10111 (base 3) to base 13.
73
Convert -4 (base 14) to base 4.
-10
10 (base 5) to base 13
5
-10 (base 3) to base 11
-3
6 (base 10) to base 16
6
Convert 1 (base 11) to base 14.
1
Convert 14 (base 9) to base 12.
11
Convert 8 (base 11) to base 4.
20
56 (base 12) to base 5
231
What is -3b (base 15) in base 7?
-110
What is 110101 (base 2) in base 7?
104
What is 1 (base 10) in base 3?
1
Convert -222 (base 3) to base 14.
-1c
-432 (base 7) to base 2
-11011011
What is -2 (base 4) in base 15?
-2
-1 (base 8) to base 2
-1
What is 163 (base 13) in base 8?
372
Convert 12 (base 3) to base 4.
11
99 (base 11) to base 2
1101100
What is -13 (base 4) in base 16?
-7
215 (base 6) to base 11
76
What is 0 (base 5) in base 6?
0
What is -2 (base 8) in base 9?
-2
What is 224 (base 8) in base 10?
148
Convert 112 (base 5) to base 7.
44
Convert 6 (base 12) to base 16.
6
Convert 111001 (base 2) to base 12.
49
Convert -132 (base 10) to base 4.
-2010
0 (base 3) to base 2
0
What is 107 (base 9) in base 14?
64
-15 (base 9) to base 4
-32
Convert -201 (base 5) to base 11.
-47
What is -45 (base 9) in base 11?
-38
5 (base 7) to base 16
5
11 (base 3) to base 14
4
104 (base 14) t